 (base 12) to base 15
-14b70
-1b884a (base 14) to base 10
-983986
-1013704 (base 9) to base 6
-15331304
Convert -50988 (base 13) to base 8.
-432066
What is -33005213 (base 6) in base 14?
-1b76ad
What is 1111001000011000111111 (base 2) in base 16?
3c863f
What is 789849 (base 10) in base 5?
200233344
-603836 (base 11) to base 7
-11153540
-1221022120011 (base 3) to base 11
-643743
What is 101001101111010111101 (base 2) in base 9?
2514162
Convert 10210102101 (base 3) to base 10.
74665
Convert -97669 (base 15) to base 12.
-1b2223
Convert -21023434 (base 5) to base 7.
-1322115
-6222345 (base 7) to base 6
-23545520
-101550203 (base 6) to base 10
-1771707
Convert -14797 (base 10) to base 5.
-433142
What is 16807150 (base 9) in base 3?
120220021011200
What is -20151177 (base 8) in base 12?
-150a53b
-111110110011001010110 (base 2) to base 3
-10212112210100
What is a71ac (base 13) in base 14?
7bb36
Convert -4279a7 (base 13) to base 7.
-16153104
What is -3e02c (base 16) in base 13?
-8b7c2
Convert -623977 (base 12) to base 13.
-41c572
Convert cd463 (base 14) to base 4.
1321131333
6fa276 (base 16) to base 13
169205b
839083 (base 13) to base 16
2eef43
-369494 (base 14) to base 7
-21614444
e6a40 (base 15) to base 9
1334146
Convert 2122052 (base 7) to base 13.
90359
Convert 21814425 (base 9) to base 15.
ddea65
What is -253101 (base 9) in base 14?
-3db6c
30605 (base 16) to base 8
603005
-91070 (base 10) to base 16
-163be
What is -12851333 (base 9) in base 2?
-11000001110110010110010
3465544 (base 7) to base 12
190791
Convert -147845 (base 14) to base 6.
-23133445
What is -1100010011000110 (base 2) in base 10?
-50374
20a0b (base 13) to base 8
162707
What is -4123041 (base 6) in base 10?
-197665
-1220576 (base 9) to base 11
-413250
22441423 (base 5) to base 13
71383
What is 61471a (base 15) in base 16?
468697
Convert b0a22 (base 12) to base 10.
229562
What is 318814 (base 9) in base 15?
3b551
-10521277 (base 8) to base 3
-11021022200220
-15d449 (base 15) to base 4
-10002021000
Convert -11050012 (base 6) to base 2.
-1010001010100011000
Convert 21161365 (base 8) to base 12.
1618705
Convert -2133322 (base 6) to base 4.
-121310102
What is 6a06 (base 15) in base 14?
82b8
Convert -4354cc (base 16) to base 11.
-25442a3
Convert -3150511 (base 7) to base 14.
-9d308
Convert 20231203311 (base 4) to base 2.
1000101101100011110101
What is -221123020 (base 4) in base 6?
-3345304
-27410a0 (base 11) to base 3
-22220100000010
What is 100220000201 (base 3) in base 15?
3ca27
19444c (base 13) to base 5
130402440
What is 651713 (base 8) in base 16?
353cb
Convert 20106243 (base 7) to base 10.
1666080
Convert -268991 (base 11) to base 12.
-184109
8919 (base 13) to base 9
28203
Convert -889861 (base 11) to base 4.
-11122110312
-3102121300 (base 4) to base 13
-24235c
-3205212 (base 7) to base 12
-168913
Convert 322020 (base 5) to base 7.
43510
Convert f8793d (base 16) to base 9.
33568354
Convert 65407 (base 9) to base 10.
43342
Convert 1100155 (base 7) to base 5.
13301140
Convert 5c72d4 (base 14) to base 12.
108a522
-2076105 (base 10) to base 11
-1198899
-53a20c (base 13) to base 2
-111011111100110110100
What is ba7ba (base 15) in base 6?
20410251
What is -3220 (base 10) in base 4?
-302110
1cddc1 (base 15) to base 5
330220411
What is 1c20c (base 13) in base 12?
27ba3
What is 34aab (base 13) in base 5?
11040202
Convert 184383 (base 9) to base 8.
340123
Convert 2138561 (base 12) to base 9.
12757641
What is -111101111111100010000 (base 2) in base 8?
-7577420
What is 1111010000011110 (base 2) in base 8?
172036
What is 48a3aa (base 11) in base 4?
2331033111
-16168a (base 12) to base 3
-201002200221
What is 21212413 (base 5) in base 6?
3501112
What is 70208 (base 14) in base 11?
17437a
Convert 10001101100000101000000 (base 2) to base 10.
4636992
Convert 41635 (base 14) to base 5.
20021011
Convert 14a46c (base 14) to base 6.
23232240
131345 (base 11) to base 7
1520450
What is -68952 (base 12) in base 10?
-139598
-7740666 (base 9) to base 2
-1111110111101011011100
What is 10022122200211 (base 3) in base 4?
12232311100
10200233101 (base 4) to base 15
18564d
What is -19aacb8 (base 13) in base 2?
-100000010101110111111101
-22201100120 (base 3) to base 9
-281316
Convert -8b29b (base 14) to base 10.
-338041
Convert -232443 (base 7) to base 2.
-1010001100000010
Convert -6205bb (base 14) to base 7.
-40043224
2131011231 (base 4) to base 13
196b42
What is 101200002011 (base 3) in base 13?
74788
-1101111001010011101111 (base 2) to base 4
-31321103233
-9c9c (base 16) to base 5
-2240332
Convert 2404937 (base 10) to base 8.
11131111
Convert -1778622 (base 9) to base 10.
-997049
388153 (base 9) to base 11
151009
Convert 542ed (base 16) to base 4.
1110023231
What is -352325212 (base 6) in base 16?
-6414c8
What is -2245414 (base 6) in base 8?
-341122
What is 23c41 (base 16) in base 10?
146497
Convert -30224300 (base 5) to base 15.
-4bc85
27532 (base 9) to base 11
13023
2210200103 (base 4) to base 7
5504315
Convert -2334000340 (base 5) to base 11.
-3041430
What is 10c077 (base 15) in base 11?
4a7051
What is 2014303 (base 8) in base 12?
2170ab
What is -6771229 (base 10) in base 14?
-c83913
What is -7146446 (base 8) in base 10?
-1887526
Convert 6070360 (base 10) to base 3.
102102101222011
What is 967756 (base 10) in base 8?
3542114
Convert 321217 (base 12) to base 16.
c0df3
123323031103 (base 4) to base 14
d87add
What is 11101010110100111000111 (base 2) in base 16?
7569c7
Convert -23143024 (base 5) to base 11.
-133147
-110430124 (base 5) to base 4
-1311331130
Convert 110221211 (base 3) to base 12.
5571
30da27 (base 14) to base 12
67762b
-1001001000011111000 (base 2) to base 11
-194921
What is -40216543 (base 8) in base 6?
-501210215
-34500052 (base 6) to base 5
-233042334
Convert -1101000101110110 (base 2) to base 9.
-81500
Convert -2725266 (base 12) to base 9.
-15543516
What is 51603ba (base 12) in base 14?
2065246
-10110100111111101100 (base 2) to base 10
-741356
129708 (base 16) to base 7
13232634
What is 523536 (base 10) in base 9?
877136
820802 (base 9) to base 8
1665424
Convert 345631 (base 7) to base 10.
62056
3025155 (base 6) to base 2
100011000101011111
What is 1001100110101100100111 (base 2) in base 3?
11201220202211
What is -618140 (base 10) in base 9?
-1141832
-73866 (base 15) to base 13
-caa04
What is 5b81ad (base 15) in base 2?
10000101101100111010010
-12f959 (base 16) to base 10
-1243481
Convert -23b14 (base 15) to base 14.
-2d6d7
1111110001100011001100 (base 2) to base 13
b1a21b
Convert -34305034 (base 6) to base 2.
-100000000100011101110
Convert -110000001001101000 (base 2) to base 7.
-1450666
What is 2a08 (base 14) in base 4?
1310200
22220210222 (base 3) to base 2
101010110111000001
What is -72858 (base 12) in base 14?
-3c860
What is -743ab (base 14) in base 4?
-1010200303
What is 2121010020000 (base 3) in base 2?
101010000111100111111
What is -308165 (base 9) in base 12?
-89b7b
Convert 14cb9 (base 16) to base 13.
2ca01
What is 128419 (base 10) in base 4?
133112203
-1c51d (base 14) to base 5
-4303401
-20102121 (base 5) to base 6
-3231101
Convert 1a7e58 (base 16) to base 13.
48a3b0
-17570728 (base 9) to base 10
-8844821
What is -58814 (base 10) in base 7?
-333320
What is -51506 (base 14) in base 11?
-12412a
Convert -454586 (base 10) to base 13.
-12bbb2
What is 22401443 (base 5) in base 10?
200248
What is 2611406 (base 7) in base 3?
122020010202
Convert -182051 (base 9) to base 7.
-650365
What is -877127 (base 11) in base 16?
-155e2a
Convert 95116 (base 10) to base 16.
1738c
Convert -111122000021200 (base 3) to base 6.
-415130543
15091 (base 14) to base 2
1100110000100111
2202233113 (base 4) to base 5
132312313
Convert -210430 (base 6) to base 9.
-25300
-27457 (base 16) to base 9
-264577
Convert -9154aa (base 14) to base 5.
-2223042421
What is 12cf3 (base 16) in base 2?
10010110011110011
Convert -5119880 (base 11) to base 9.
-18017452
102000011131 (base 4) to base 6
245050541
What is -2416121 (base 9) in base 14?
-261637
What is 20101112002 (base 3) in base 4?
132231020
Convert -139971 (base 14) to base 8.
-2457317
What is -82703 (base 9) in base 7?
-314640
1211032101 (base 4) to base 12
17bb29
What is 11644 (base 9) in base 7?
31534
189ca1 (base 15) to base 13
32c152
-21232100112 (base 4) to 